hird derivative of 7*p**4/24 - p**3/3 + p**2. Suppose 0 = 150*x + 1654 - 1954. Give t(x).
12
Suppose 0 = 3*f - 15 + 9. Let g(c) = -3 - 7349*c - 4 + 7350*c + 4. Determine g(f).
-1
Let n(i) = -i**2 + 13*i - 39. Suppose r + 4*s = 1, 0*s + 2*s = -5*r + 41. Let d be n(r). Let m(c) = c**2 + 5*c + 3. Determine m(d).
-3
Suppose -5*l + 5*r = 5, 3*l + 0*r + 3 = -4*r. Let v be (l - -3) + (5 - 5). Let t(b) = 2*b**v + 3*b**2 + 5*b - b**2 + 7 - 3*b**2. Calculate t(-5).
7
Suppose 38*o - 322 + 18 = 0. Suppose u - 3*u = 0. Let q(f) = 3 + 3 + 2*f + u*f**2 + f**2 - 10*f. Give q(o).
6
Let l(r) = 22*r**3 - 73*r**2 + 73*r + 75. Let z(w) = 5*w**3 - 18*w**2 + 18*w + 18. Let q(c) = 2*l(c) - 9*z(c). Calculate q(15).
-27
Let m(p) be the first derivative of p**3/3 - 3*p**2 - 7*p - 3007. Let u(x) = -1 - 5 + 3*x + 1. Let b be u(4). Determine m(b).
0
Let c(b) = b**3 - 8*b**2 + 6*b + 2. Let f = 11375 + -11371. Let m be 304/14 + (-2)/(-7). Suppose 2*h - m = -4*l, 3*h - f*l - 6 = h. Calculate c(h).
-5
Let l(q) = -q**3 - q**2 + q. Let j(f) = -5*f**3 - 12*f**2 + 10*f + 8. Let h(v) = -j(v) + 6*l(v). Let x = -169 - -173. Determine h(x).
8
Suppose 927*m + 92 = 973*m. Let p(q) = -q. Let b(k) = 5*k + 4. Let i(d) = -b(d) - 6*p(d). Determine i(m).
-2
Let z(v) = v**2 + 6*v + 9. Suppose -13 - 1 = -7*f. Suppose f = -5*w - 13. Calculate z(w).
0
Suppose -26*x + 23*x - 11*x = 112. Let z(f) = -4*f**2 - 36*f - 26. Give z(x).
6
Let g(r) be the second derivative of -r - 1/6*r**3 - 1/12*r**4 + 0 + 9/2*r**2. Suppose -27 = 3*w + 254*j - 257*j, -3*w + 27 = 3*j. Calculate g(w).
9
Let k(z) = 3*z - 9. Let a(j) = -68*j - 68. Let l be a(-1). Determine k(l).
-9
Let b(u) = -23*u + 22*u**3 + 6*u**2 + 3 - 11*u**3 - 10*u**3 - 4*u**3. Let k(c) = 2*c**3 - 4*c**2 + 16*c - 2. Let t(h) = 5*b(h) + 7*k(h). Determine t(2).
-5
Let f(t) = 6*t**2 + 2*t - 5. Let v(b) = -5 + 0*b - 3*b**2 + 12 - b - 5. Let u(m) = 4*f(m) + 9*v(m). Let q = 31 - 33. Give u(q).
-12
Let c(h) be the second derivative of h**4/12 - 2*h**3 + 8*h**2 - 1011*h. Calculate c(14).
44
Let j(z) be the second derivative of z**4/6 + z**2 + 1423*z. Determine j(-2).
10
Let k = 4 + -6. Let m(i) = -i - 1. Let t(v) = -v. Let s(r) = -r**2 + 5*r + 4. Let x be s(6). Let g(p) = x*t(p) + 3*m(p). Calculate g(k).
-1
Suppose -x + 22 = -4*w, 2*x - 7*x = -w - 129. Suppose -x = -3*d - 20. Suppose -3*b + 13 = i + 3, -4*b + 14 = d*i. Let f(j) = -2*j + 4. What is f(b)?
-2
Let i(b) = 208*b + 28. Let n(c) = -172*c - 29. Let l(a) = 5*i(a) + 6*n(a). What is l(14)?
78
Let i(j) = -10*j + 14*j + 7 - 7*j + 8 + 4*j. Let o(d) be the first derivative of d**3/3 + 4*d**2 - 10*d - 2. Let k be o(-8). Determine i(k).
5
Let x(b) = -4*b + 7*b**2 + 1 - b**3 - 3*b - 5. Let k(y) = 43*y**2 - 132*y + 4. Let i be k(5). Let w = -413 + i. Determine x(w).
-10
Suppose 0*r = 5*a - 3*r - 18, a - 3*r = 6. Suppose -3*f = a, 4*d + f + 28 + 5 = 0. Let i be d/6*(-4)/8*6. Let v(g) = -2*g - 4. Calculate v(i).
-12
Suppose -2010 + 1993 = -17*t. Let a = 8 - 1. Let x(y) = 2*y**3 - 1 + y - a*y**3 + 0*y**2 - y**3 - y**2. Calculate x(t).
-7
Let t(d) = -d**3 + 8*d**2 - 5*d - 3. Suppose 0*u = 15*u + 525. Let n = u - -42. What is t(n)?
11
Suppose -3506*s + 528 = -3462*s. Let u(a) = 8*a - 92. What is u(s)?
4
Suppose 2097*f - 2109*f = -84. Let p(c) = -3*c + 20. Determine p(f).
-1
Let w(b) = -b**3 - 2*b**2 + 0*b**2 - 1 + 2*b**2 - 7*b**2 + 5*b**2 + 3*b. Let n be (-4)/8 - (-13)/2. Suppose l = 3*u + 13, 4*u + l = -n - 2. Give w(u).
-1
Let r be 1/(-2 + 3)*0. Let q(t) be the second derivative of -t**5/20 - t**4/12 + t**3/6 + 6*t**2 + 3845*t. What is q(r)?
12
Let t(q) be the third derivative of -q**5/60 - 17*q**4/24 - 17*q**3/2 + 3943*q**2. Determine t(-13).
1
Let r(h) be the first derivative of -h**6/120 - h**5/15 - 5*h**4/24 + 2*h**3/3 - 71*h**2/2 + 40. Let y(n) be the second derivative of r(n). Calculate y(-4).
24
Let n(b) = 903*b - 5*b**2 + b**3 + 4 - 2 - 450*b - 450*b - 1. What is n(4)?
-3
Let g = 49 + -44. Let f be 180/(g + -1) - -4. Suppose p + 53 = f. Let v(b) = b**3 + 5*b**2 + 3*b - 3. Give v(p).
1
Let h(d) = -15*d + 3. Let i(p) = 15*p - 13. Let j(r) = 5*h(r) + 4*i(r). Give j(-6).
53
Let p(t) = t**3 + 14*t**2 - 8*t + 110. Let z be p(-15). Let s(g) = 190*g + 196*g + z*g**2 - 387*g - 1. What is s(-1)?
5
Let g(y) = 4*y - 18. Let l be (-4)/6*(-468)/104. Suppose -l + 28 = 5*h. Determine g(h).
2
Let r be 34 + (7 - (21 + -6)). Suppose 3*m = -r*m + 464. Let a(v) = v - 35. What is a(m)?
-19
Suppose 0 = -21*j + 43 + 41. Let w be j - ((-4)/8 - (-18)/4). Let o(a) = a**3 + a**2 - a - 17. Give o(w).
-17
Let x(b) = 433 - 1298 - 20*b - 9*b + 393 + 367. Calculate x(-3).
-18
Let f(c) = -3*c + 8 + 4*c**2 - 3*c**2 + 2*c + 5*c. Let l be f(-4). Suppose l = 4*w - 2*w. Let j(h) = -2*h + 6. What is j(w)?
-2
Let z(w) = -16*w**3 + 17*w**2 + 22*w + 90. Let p(d) = -7*d**3 + 8*d**2 + 10*d + 41. Let m(u) = -9*p(u) + 4*z(u). Calculate m(-3).
-12
Let p(n) = 30*n - 2. Suppose 84*w + 666 = 246. Give p(w).
-152
Let u be -1*(34/(-12) + (-13)/78). Let r(x) = 21*x**3 + 14*x**3 - 2 - 34*x**u + 3*x**2. Determine r(-2).
2
Let s be (6/3)/2 + (-3)/1. Let l be 0*1/2*(s - -1). Let o(t) = -t - 3. Calculate o(l).
-3
Let k(c) = 49*c - 983. Let s(j) = -65*j + 1309. Let l(u) = -9*k(u) - 7*s(u). Calculate l(23).
6
Let b = 9 - 4. Suppose 0 = -11*i + 203 + 424. Let h(a) = -3*a + i*a**2 - 56*a**2 - 2*a. Calculate h(b).
0
Suppose 2*z = v + 1, -9*v + z + 22 = -4*v. Let y(r) = -2 - 3*r - 8 + v + 1. Calculate y(-3).
5
Let r(x) = -13*x - 42. Let o(w) = -300*w - 980. Let g(k) = -9*o(k) + 210*r(k). What is g(2)?
-60
Let b(y) = 11*y**3 + 3*y**2 - y - 4*y**2 + y**2. Let u be (-4)/(-28) + (-72)/14. Let q(s) = s + 6. Let r be q(u). Give b(r).
10
Let w(b) = -7*b + 127. Let d(j) = 14*j - 214. Let q(k) = -3*d(k) - 5*w(k). Calculate q(0).
7
Let j(n) = 2*n - 3. Let p be j(2). Let h(f) = 1. Let s(t) = -1. Let i(b) = -5*b + 3. Let k(a) = -i(a) - 6*s(a). Let z(x) = p*k(x) - 5*h(x). What is z(2)?
8
Let q(t) = 0 - 5296*t**3 + t + 3*t**2 + 5295*t**3 + 3. Suppose 3 = 4*r - 9. Calculate q(r).
6
Let p(v) = v**2 + 16*v + 18. Let d be p(-15). Suppose 3*q = 39 - d. Let n(x) = -x + 15. Give n(q).
3
Let q = -1201 - -1199. Let d(a) = -39*a + 1. Determine d(q).
79
Let w(p) be the third derivative of 7*p**6/720 - p**5/60 + 25*p**4/24 - p**3/6 + p**2 + 8*p. Let q(o) be the second derivative of w(o). What is q(-2)?
-16
Let h(b) = 4*b - 38. Suppose -5*a = 5*u - 15, 6*u + 92 = -2*a + 122. Calculate h(u).
-14
Let q(p) = p - 5. Let m(h) = -h**3 + 6*h**2 + 18*h - 69. Let c(w) = -1. Let t(d) = 6*c(d) + m(d). Let y be t(7). Determine q(y).
-3
Let k(t) = t - 1. Let s = 42 - 39. Suppose s*u - 1 = 8. Suppose 0 = 3*r + 5*w + 14, -2 - u = r + 2*w. Calculate k(r).
-4
Let u(d) = d**3 - 15*d**2 + 54*d. Let p be u(9). Let y(m) be the third derivative of -m**5/60 + 15*m**3/2 - 17*m**2 + 1. What is y(p)?
45
Let o(b) be the first derivative of -b**6/120 - 3*b**5/20 - b**4/3 + 5*b**3/3 + 102*b**2 - 59. Let r(l) be the second derivative of o(l). Determine r(-7).
-32
Let v(t) = 14847*t + 16 - 27 + t**2 - 14842*t. What is v(4)?
25
Let f(l) be the first derivative of -l**4/4 - l**3/3 + 2*l - 11. Let c be (12 - 12)/(80/(-8)). Give f(c).
2
Suppose 2 = 12*c - 11*c. Suppose -7*i + 4*i = 3*a + 18, -13 = c*i + a. Let k(s) = 2*s + 10. Determine k(i).
-4
Let z(y) be the second derivative of 3/2*y**2 + 144*y + 2/3*y**3 + 1. Determine z(-5).
-17
Suppose -4*d - 56 = -3*z, -3*d + 4*z - 33 = 23. Let y(m) = -m**3 - 5*m**2 + 19*m + 3. Calculate y(d).
43
Let z(f) be the first derivative of 2*f**3/3 - 20*f**2 - 17*f + 3697. What is z(20)?
-17
Suppose 3*x + 387 = 2*w, -16*w + 19*w - 561 = -2*x. Let d(f) = 747*f - w*f - 186*f - 182*f - 183*f. Calculate d(-2).
-14
Let u = -13059 - -13068. Let s(b) = -2*b - 27. What is s(u)?
-45
Let p(z) = z**3 - 5*z**2 - z - 3. Let t be p(5). Suppose -2*k = -0*q + 3*q - 4, 3*q - k = 7. Let w(r) = -20*r + 11*r - 7 + 0 + r**2 - q*r**2. What is w(t)?
1
Let k(z) = 2*z + 10. Let v(i) = -2*i - 10. Let t(h) = 2*k(h) + 3*v(h). Let r(x) = -2*x**2 - 86*x + 1733. Let n be r(15). Calculate t(n).
4
Suppose 3*i - 10 = -r, i + 0*r - r - 2 = 0. Suppose -8*n = -6*n + i*m - 21, n + m = 9. Let w(f) = f**3 - 5*f**2 - 5*f - 5. Calculate w(n).
1
Let k(j) = -j**3 + 18*j**2 + 20*j - 9. Suppose -4*o + 86 = -2*i, 2908*i = o + 2910*i - 9. Wha